when (-744)/279*(-237)/2 is divided by 248?
68
Suppose -17*y + 20*y - 4*l - 181 = 0, -3*y + 197 = 4*l. What is the remainder when 200 is divided by y?
11
Suppose -32*q = 707 - 6851. Let w = 258 - q. What is the remainder when w is divided by 23?
20
Suppose 0 = 4*f - 3*z + 5*z - 162, 3*f - z = 134. Let s = 146 + -135. Calculate the remainder when f is divided by s.
10
Suppose 98 = n + 41. What is the remainder when ((-2728)/6)/(-4) - 95/n is divided by 60?
52
Let j = -485 + 766. Suppose -j = -64*d - 25. Let u(b) = b + 5. Calculate the remainder when u(4) is divided by d.
1
Let r = 71 + -80. Let i = 6 + r. Calculate the remainder when 21 + (-1 - (-2 + i)) is divided by 4.
1
Suppose 30 = 19*q - 4*q. Suppose -17 + 13 = q*b. What is the remainder when 1/(b*(-4)/288) is divided by 10?
6
Suppose -2*v - 11*k + 14*k + 19 = 0, -9 = 3*k. Suppose 0 = c - v*g - 188, -5*g = -4*g. What is the remainder when c is divided by 38?
36
Suppose -p + 91 - 766 = -4*z, -2*z + 5*p + 315 = 0. Suppose 3*j - k = 170, -2*j + 3*k = -z + 66. What is the remainder when j is divided by 21?
16
Suppose 67 = k + 65. Suppose -k*s + 3*t + 11 - 4 = 0, 3*s + 2*t = 30. Calculate the remainder when 914/s + (-12)/(-16) is divided by 29.
28
Let b(c) = 5*c - 46. Let n be b(38). What is the remainder when (-108)/n*496/(-6) is divided by 21?
20
Let z = -301 + 427. Let h = z + -101. What is the remainder when 173 is divided by h?
23
Let c(i) = -i**3 - 15*i**2 - 56*i + 28. Calculate the remainder when c(-8) is divided by 14.
0
Suppose 4 = 3*u + 19. Let d(o) = -o**3 - 3*o**2 + 8*o + 4. Calculate the remainder when 45 is divided by d(u).
3
Suppose -3*d + 364 = -2*c - 1, 5*c = -4*d + 433. What is the remainder when 418 is divided by d?
67
Suppose 13*q + 4687 = 122*q. What is the remainder when 257 is divided by q?
42
Let m = -23 + 17. Let v(f) = f**3 + 7*f**2 - 10*f - 21. Calculate the remainder when v(m) is divided by 20.
15
Let g = -50 - -53. Suppose -k + 5*x + 23 = 0, 5*k - 63 = -g*x + 24. Suppose -4*m + 12*m = 360. What is the remainder when m is divided by k?
9
Suppose 8*n = 1298 + 830. Calculate the remainder when 472 is divided by n.
206
Suppose 0 = -3*g - 3*m - 18, -4*m = -0*g + 5*g + 25. Let p be (0 + g + -2)/(3/(-32)). Suppose 0 = 3*y - 37 - p. What is the remainder when y is divided by 5?
3
Let b(o) = 256*o**2 - 356*o + 2493. What is the remainder when b(7) is divided by 17?
16
Calculate the remainder when 1454 is divided by 45 + -7 - (-18 + 9).
44
Let n(q) = -207*q - 8708. Calculate the remainder when 608 is divided by n(-43).
29
Suppose 14249 + 16909 = 413*m + 4313. Calculate the remainder when 2859 is divided by m.
64
Suppose 3*u = -5*o + 604, 56*o = 61*o - u - 612. What is the remainder when 294 is divided by o?
50
Suppose 1016 = -13*f + 1666. What is the remainder when 3298 is divided by f?
48
Let n(j) = 3*j**3 - 29*j**2 + 72*j + 24. Let i = -4 + 8. Calculate the remainder when ((-8)/i)/((-4)/122) is divided by n(5).
27
Suppose 2754 = 16*q - 5502. Calculate the remainder when q is divided by 104.
100
Let b(h) = h**3 - 6*h**2 - 24*h - 18. Calculate the remainder when 440 is divided by b(10).
14
Suppose 2*q = -0*q + 672. Suppose 8*w - 11*w - q = 0. Let r = -73 - w. Calculate the remainder when 154 is divided by r.
37
Let v(l) = l**3 - 3*l**2 + 17*l - 68. Let d be v(4). Let j = 2 - -2. Suppose 28 = j*f - d. What is the remainder when 42 is divided by f?
9
Calculate the remainder when -1 + (-72804)/(-36) + 3/(-9)*1 is divided by 119.
117
Let o = -2373 + 2395. Calculate the remainder when (-14 + -21)/(1/(-1)) is divided by o.
13
Suppose -9628 - 4973 - 2097 = -46*c. What is the remainder when c is divided by 182?
181
Suppose -443 = z + 4*g + 72, 4*z + 2*g + 2116 = 0. Let o = -332 - z. Calculate the remainder when o is divided by 62.
13
Suppose 2*q + 3*q = -5*w + 150, 4*q - 5*w = 111. Suppose -3*d - 3*u + 240 = 0, -2*d + 119 = -u - q. What is the remainder when d is divided by 26?
24
Suppose 0*n = n - 4, -5*i + n + 116 = 0. Suppose 3*h - 43 = 4*r - 17, -2*h - 4*r = -i. Calculate the remainder when 15 is divided by h.
5
Let a(f) = -f**2 - 11*f + 15. Let o be a(-12). Suppose -10*z + 14 = -o*z. Suppose -22 = -z*w + 4. What is the remainder when 89 is divided by w?
11
Suppose 5*a = -v - 39, 3*v = 4*a - 30 + 8. Let i be (14/3)/(v/(-105)). What is the remainder when (-1 - -2*1)*(76 - i) is divided by 21?
20
Suppose -6*g = 3*o - 1571 - 739, 3*o + 6 = 0. What is the remainder when 1161 is divided by g?
3
Let w = 57 + 71. Let k(t) = -9437*t - 18857. What is the remainder when w is divided by k(-2)?
9
Let w = -12 + 18. Suppose w*x - 2*l = 4*x + 60, -l + 24 = x. Calculate the remainder when x is divided by 10.
7
Suppose -3*r = x - 53 + 17, 2*r - x - 19 = 0. What is the remainder when 152 is divided by r?
9
Let o = -1 - -20. Suppose -2*z = 5*x - 62, -13*x + 16*x + 114 = 3*z. Calculate the remainder when z is divided by o.
17
Suppose 0 = 2*m + q - 241, 1882*m - 2*q = 1883*m - 128. Let x be (-2)/4*12/(-1). What is the remainder when m is divided by x*3 - (-4)/2?
18
Let h(d) = -d**3 - 23*d**2 + 116*d + 3370. Calculate the remainder when h(-21) is divided by 2/6 - (-238)/6.
12
Let x be (34*(-1)/5)/((-3)/(-15)). Let h = -34 - x. Suppose 0 = -h*m - 4*m + 88. What is the remainder when 41 is divided by m?
19
Let o = 123 + -60. Let m = 83 + -92. Let p(l) = 4*l + 53. What is the remainder when o is divided by p(m)?
12
Suppose -x - 8 = r, -x + 4 = 3*r + 2. Let n = x - -57. Calculate the remainder when 436 is divided by n.
40
Let s be (-113)/(-2)*(-4 + (-1 - 1)). Let u = s - -361. Suppose 3*g + 0*g - 36 = 0. What is the remainder when u is divided by g?
10
Let t(k) = 2*k**2 - 157*k + 1629. Calculate the remainder when 357 is divided by t(12).
27
Let a be (-6)/(-21) + (-26)/(-7). Suppose 4*k - 314 = -3*x, a*x - 160 = -5*k + 260. Calculate the remainder when x is divided by 37.
36
Suppose j = -52*j + 17*j + 28080. Calculate the remainder when j is divided by 33.
21
Let n(w) = -2*w + 17. Let l be n(0). Suppose 16*g - 9 = l*g. Let f = 16 - g. Calculate the remainder when f is divided by 14.
11
Let r = 317 - 66. Let p = 364 - r. Let o(q) = -18*q + 2. Calculate the remainder when p is divided by o(-2).
37
Suppose 4*r + 9 = 61. Suppose 23*c - r*c = 670. What is the remainder when c is divided by 27?
13
Calculate the remainder when 6 - 6 - (2 - (-5)/((-20)/504)) is divided by 9.
7
Calculate the remainder when 47 is divided by (-6)/(20*(-6)/(-216)*8/(-20)).
20
Let l = -912 + 3589. What is the remainder when l is divided by 21?
10
Suppose -15 = -3*o - 3*k, -o - 4*k + 20 = -3*o. Let s(u) = 2*u**2 - 3*u + 114. Calculate the remainder when s(o) is divided by 23.
22
Let q(l) = 126*l - 43. Calculate the remainder when q(2) is divided by 26.
1
Let y = -755 - -1088. Let z = y + -238. Calculate the remainder when z is divided by 16.
15
Suppose -9*s + 2*s + 42 = 0. Let c(r) = 88*r + 87. What is the remainder when c(s) is divided by 77?
76
Suppose -26233 = -44*t - 2253. Calculate the remainder when t is divided by 15.
5
Let o be (-1)/(-4) + (-5)/4. Let t(s) = -103*s. Suppose -18*j + 279 = -5*c + 35, -2*j + 32 = -3*c. What is the remainder when t(o) is divided by j?
12
Let l(q) = -5*q**2 - 13*q + 17. Let h be l(-5). Let y(o) = o**3 + 45*o**2 + 78*o + 57. Calculate the remainder when y(h) is divided by 31.
29
Suppose -2*k + x - 1769 - 2556 = 0, -2*k - 4329 = 3*x. What is the remainder when ((-8)/3)/(k/216 + 10) is divided by 39?
36
Suppose 5*x + 264 - 654 = 0. Suppose -3*f + 156 = 3*u + u, 2*u + f = x. Let t = 98 + 55. What is the remainder when t is divided by u?
36
Suppose 2*s + 2*s - 16 = 2*j, 0 = -5*j + 5*s - 55. What is the remainder when 46 is divided by (j/(0 + -2))/((-5)/(-10))?
4
Suppose -1895 + 138 - 1783 = -177*t. What is the remainder when 4769 is divided by t?
9
Suppose 0 = -30*s + 700 + 320. Let v = 5 - -15. What is the remainder when s is divided by v?
14
Let k(n) = 3*n**2 + 10*n + 12. Suppose 11*q + 2*g = 12*q - 31, -q + g = -31. What is the remainder when k(-8) is divided by q?
0
Suppose t - 35 + 13 = -l, -4*l + 2*t = -52. Calculate the remainder when 5453 is divided by l.
13
Calculate the remainder when 105 is divided by ((-54)/(-135) + 8/(-10))*630/(-9).
21
Suppose 170*i - 45 = 173*i. Calculate the remainde